{"id":80,"date":"2025-03-27T17:31:10","date_gmt":"2025-03-27T17:31:10","guid":{"rendered":"https:\/\/test.lagogrande.com.py\/?page_id=80"},"modified":"2025-08-26T23:40:55","modified_gmt":"2025-08-26T23:40:55","slug":"inicio","status":"publish","type":"page","link":"https:\/\/test.lagogrande.com.py\/","title":{"rendered":"Inicio"},"content":{"rendered":"\t\t<div data-elementor-type=\"wp-page\" data-elementor-id=\"80\" class=\"elementor elementor-80\" data-elementor-post-type=\"page\">\n\t\t\t\t<div class=\"elementor-element elementor-element-3d5ffe0b e-con-full e-flex e-con e-parent\" data-id=\"3d5ffe0b\" data-element_type=\"container\">\n\t\t<div class=\"elementor-element elementor-element-6f7bf0e8 e-con-full e-flex e-con e-child\" data-id=\"6f7bf0e8\" data-element_type=\"container\" data-settings=\"{&quot;background_background&quot;:&quot;slideshow&quot;,&quot;background_slideshow_gallery&quot;:[{&quot;id&quot;:164,&quot;url&quot;:&quot;https:\\\/\\\/test.lagogrande.com.py\\\/wp-content\\\/uploads\\\/2025\\\/03\\\/11-BOSQUE-LAGO1-copia.webp&quot;},{&quot;id&quot;:162,&quot;url&quot;:&quot;https:\\\/\\\/test.lagogrande.com.py\\\/wp-content\\\/uploads\\\/2025\\\/03\\\/lagogrande_intro_entrada.webp&quot;},{&quot;id&quot;:163,&quot;url&quot;:&quot;https:\\\/\\\/test.lagogrande.com.py\\\/wp-content\\\/uploads\\\/2025\\\/03\\\/lagogeneral_intro.webp&quot;}],&quot;background_slideshow_loop&quot;:&quot;yes&quot;,&quot;background_slideshow_slide_duration&quot;:5000,&quot;background_slideshow_slide_transition&quot;:&quot;fade&quot;,&quot;background_slideshow_transition_duration&quot;:500}\">\n\t\t<div class=\"elementor-element elementor-element-bde41ff e-con-full e-flex e-con e-child\" data-id=\"bde41ff\" data-element_type=\"container\">\n\t\t<div class=\"elementor-element elementor-element-17ac126 e-con-full e-flex e-con e-child\" data-id=\"17ac126\" data-element_type=\"container\">\n\t\t<div class=\"elementor-element elementor-element-81d8ec2 e-flex e-con-boxed e-con e-child\" data-id=\"81d8ec2\" data-element_type=\"container\">\n\t\t\t\t\t<div class=\"e-con-inner\">\n\t\t\t\t<div class=\"elementor-element elementor-element-1405e51 elementor-widget-mobile__width-inherit elementor-hidden-mobile elementor-widget elementor-widget-jkit_button\" data-id=\"1405e51\" data-element_type=\"widget\" data-widget_type=\"jkit_button.default\">\n\t\t\t\t<div class=\"elementor-widget-container\">\n\t\t\t\t\t<div  class=\"jeg-elementor-kit jkit-button  icon-position-before jeg_module___69e49ceb79417\" ><a href=\"#\" class=\"jkit-button-wrapper\"><i class=\"icon-colored jki jki-play-solid\" aria-hidden=\"true\"><\/i>Video de Presentaci\u00f3n<\/a><\/div>\t\t\t\t<\/div>\n\t\t\t\t<\/div>\n\t\t\t\t\t<\/div>\n\t\t\t\t<\/div>\n\t\t\t\t<\/div>\n\t\t<div class=\"elementor-element elementor-element-813f167 e-con-full e-flex e-con e-child\" data-id=\"813f167\" data-element_type=\"container\">\n\t\t<div class=\"elementor-element elementor-element-e93ba04 e-con-full e-flex e-con e-child\" data-id=\"e93ba04\" data-element_type=\"container\">\n\t\t\t\t<div class=\"elementor-element elementor-element-89bb50d elementor-widget-mobile__width-inherit elementor-widget elementor-widget-jkit_button\" data-id=\"89bb50d\" data-element_type=\"widget\" data-widget_type=\"jkit_button.default\">\n\t\t\t\t<div class=\"elementor-widget-container\">\n\t\t\t\t\t<div  class=\"jeg-elementor-kit jkit-button  icon-position-before jeg_module__1_69e49ceb7a1d6\" ><a href=\"#amenities\" class=\"jkit-button-wrapper\"><i class=\"icon-colored jki jki-down-arrow-4\" aria-hidden=\"true\"><\/i>Conocer m\u00e1s de Lago Grande<\/a><\/div>\t\t\t\t<\/div>\n\t\t\t\t<\/div>\n\t\t\t\t<\/div>\n\t\t\t\t<\/div>\n\t\t<div class=\"elementor-element elementor-element-7ab0a0d e-con-full e-flex e-con e-child\" data-id=\"7ab0a0d\" data-element_type=\"container\">\n\t\t<div class=\"elementor-element elementor-element-50bb088 e-flex e-con-boxed e-con e-child\" data-id=\"50bb088\" data-element_type=\"container\">\n\t\t\t\t\t<div class=\"e-con-inner\">\n\t\t\t\t<div class=\"elementor-element elementor-element-f0bf210 elementor-widget-mobile__width-auto elementor-hidden-desktop elementor-hidden-tablet elementor-hidden-mobile elementor-widget elementor-widget-jkit_button\" data-id=\"f0bf210\" data-element_type=\"widget\" data-widget_type=\"jkit_button.default\">\n\t\t\t\t<div class=\"elementor-widget-container\">\n\t\t\t\t\t<div  class=\"jeg-elementor-kit jkit-button  icon-position-before jeg_module__2_69e49ceb7ae0d\" ><a href=\"#\" class=\"jkit-button-wrapper\"><i class=\"icon-colored jki jki-play-solid\" aria-hidden=\"true\"><\/i>Ver video<\/a><\/div>\t\t\t\t<\/div>\n\t\t\t\t<\/div>\n\t\t\t\t<div class=\"elementor-element elementor-element-16b2f0b elementor-widget-mobile__width-auto elementor-widget elementor-widget-jkit_button\" data-id=\"16b2f0b\" data-element_type=\"widget\" data-widget_type=\"jkit_button.default\">\n\t\t\t\t<div class=\"elementor-widget-container\">\n\t\t\t\t\t<div  class=\"jeg-elementor-kit jkit-button  icon-position-before jeg_module__3_69e49ceb7b39a\" ><a href=\"https:\/\/test.lagogrande.com.py\/wp-content\/uploads\/2025\/07\/LagoGrande-Brochure.pdf\" class=\"jkit-button-wrapper\" target=\"_blank\"><i class=\"icon-colored jki jki-document-light\" aria-hidden=\"true\"><\/i>Brochure<\/a><\/div>\t\t\t\t<\/div>\n\t\t\t\t<\/div>\n\t\t\t\t\t<\/div>\n\t\t\t\t<\/div>\n\t\t\t\t<\/div>\n\t\t\t\t<\/div>\n\t\t\t\t<\/div>\n\t\t\t\t<\/div>\n\t\t<div class=\"elementor-element elementor-element-4ad57256 e-con-full e-flex e-con e-parent\" data-id=\"4ad57256\" data-element_type=\"container\" id=\"amenities\" data-settings=\"{&quot;background_background&quot;:&quot;classic&quot;}\">\n\t\t<div class=\"elementor-element elementor-element-34264669 e-con-full e-flex e-con e-child\" data-id=\"34264669\" data-element_type=\"container\">\n\t\t\t\t<div class=\"elementor-element elementor-element-b72c3f3 animated-slow elementor-invisible elementor-widget elementor-widget-image\" data-id=\"b72c3f3\" data-element_type=\"widget\" data-settings=\"{&quot;_animation&quot;:&quot;fadeIn&quot;}\" data-widget_type=\"image.default\">\n\t\t\t\t<div class=\"elementor-widget-container\">\n\t\t\t\t\t\t\t\t\t\t\t\t\t\t\t<img fetchpriority=\"high\" decoding=\"async\" width=\"1117\" height=\"946\" src=\"https:\/\/test.lagogrande.com.py\/wp-content\/uploads\/2025\/04\/lagogrande_logoGrande.svg\" class=\"attachment-large size-large wp-image-248\" alt=\"\" \/>\t\t\t\t\t\t\t\t\t\t\t\t\t\t\t<\/div>\n\t\t\t\t<\/div>\n\t\t\t\t<\/div>\n\t\t\t\t<\/div>\n\t\t<div class=\"elementor-element elementor-element-7b48d41 e-con-full e-flex e-con e-parent\" data-id=\"7b48d41\" data-element_type=\"container\">\n\t\t<div class=\"elementor-element elementor-element-0e2f429 e-grid e-con-full e-con e-child\" data-id=\"0e2f429\" data-element_type=\"container\">\n\t\t<div class=\"elementor-element elementor-element-285e616 e-con-full animated-slow e-flex elementor-invisible e-con e-child\" data-id=\"285e616\" data-element_type=\"container\" data-settings=\"{&quot;animation&quot;:&quot;fadeIn&quot;}\">\n\t\t<div class=\"elementor-element elementor-element-9ef157a e-con-full e-flex e-con e-child\" data-id=\"9ef157a\" data-element_type=\"container\" data-settings=\"{&quot;background_background&quot;:&quot;classic&quot;}\">\n\t\t\t\t<\/div>\n\t\t<div class=\"elementor-element elementor-element-cdc81d8 e-con-full e-flex e-con e-child\" data-id=\"cdc81d8\" data-element_type=\"container\">\n\t\t\t\t<div class=\"elementor-element elementor-element-1d242bc elementor-widget elementor-widget-image-box\" data-id=\"1d242bc\" data-element_type=\"widget\" data-widget_type=\"image-box.default\">\n\t\t\t\t<div class=\"elementor-widget-container\">\n\t\t\t\t\t<div class=\"elementor-image-box-wrapper\"><div class=\"elementor-image-box-content\"><h3 class=\"elementor-image-box-title\">M\u00e1s de 2.500 terrenos disponibles<\/h3><p class=\"elementor-image-box-description\">Terrenos desde 120 m\u00b2 hasta 750 m\u00b2<\/p><\/div><\/div>\t\t\t\t<\/div>\n\t\t\t\t<\/div>\n\t\t\t\t<\/div>\n\t\t\t\t<\/div>\n\t\t<div class=\"elementor-element elementor-element-f06d9b0 e-con-full animated-slow e-flex elementor-invisible e-con e-child\" data-id=\"f06d9b0\" data-element_type=\"container\" data-settings=\"{&quot;animation&quot;:&quot;fadeIn&quot;}\">\n\t\t<div class=\"elementor-element elementor-element-d1ca26f e-con-full e-flex e-con e-child\" data-id=\"d1ca26f\" data-element_type=\"container\" data-settings=\"{&quot;background_background&quot;:&quot;classic&quot;}\">\n\t\t\t\t<\/div>\n\t\t<div class=\"elementor-element elementor-element-71c124a e-con-full e-flex e-con e-child\" data-id=\"71c124a\" data-element_type=\"container\">\n\t\t\t\t<div class=\"elementor-element elementor-element-c35c90c elementor-widget elementor-widget-image-box\" data-id=\"c35c90c\" data-element_type=\"widget\" data-widget_type=\"image-box.default\">\n\t\t\t\t<div class=\"elementor-widget-container\">\n\t\t\t\t\t<div class=\"elementor-image-box-wrapper\"><div class=\"elementor-image-box-content\"><h3 class=\"elementor-image-box-title\">Lago Central de 5,5 hect\u00e1reas <\/h3><\/div><\/div>\t\t\t\t<\/div>\n\t\t\t\t<\/div>\n\t\t\t\t<\/div>\n\t\t\t\t<\/div>\n\t\t<div class=\"elementor-element elementor-element-22e664c e-con-full animated-slow e-flex elementor-invisible e-con e-child\" data-id=\"22e664c\" data-element_type=\"container\" data-settings=\"{&quot;animation&quot;:&quot;fadeIn&quot;}\">\n\t\t<div class=\"elementor-element elementor-element-8d35315 e-con-full e-flex e-con e-child\" data-id=\"8d35315\" data-element_type=\"container\" data-settings=\"{&quot;background_background&quot;:&quot;classic&quot;}\">\n\t\t\t\t<\/div>\n\t\t<div class=\"elementor-element elementor-element-dc93b6e e-con-full e-flex e-con e-child\" data-id=\"dc93b6e\" data-element_type=\"container\">\n\t\t\t\t<div class=\"elementor-element elementor-element-e309d36 elementor-widget elementor-widget-image-box\" data-id=\"e309d36\" data-element_type=\"widget\" data-widget_type=\"image-box.default\">\n\t\t\t\t<div class=\"elementor-widget-container\">\n\t\t\t\t\t<div class=\"elementor-image-box-wrapper\"><div class=\"elementor-image-box-content\"><h3 class=\"elementor-image-box-title\">Cafeter\u00eda<\/h3><\/div><\/div>\t\t\t\t<\/div>\n\t\t\t\t<\/div>\n\t\t\t\t<\/div>\n\t\t\t\t<\/div>\n\t\t<div class=\"elementor-element elementor-element-2eaf914 e-con-full animated-slow e-flex elementor-invisible e-con e-child\" data-id=\"2eaf914\" data-element_type=\"container\" data-settings=\"{&quot;animation&quot;:&quot;fadeIn&quot;}\">\n\t\t<div class=\"elementor-element elementor-element-e538415 e-con-full e-flex e-con e-child\" data-id=\"e538415\" data-element_type=\"container\" data-settings=\"{&quot;background_background&quot;:&quot;classic&quot;}\">\n\t\t\t\t<\/div>\n\t\t<div class=\"elementor-element elementor-element-7154e97 e-con-full e-flex e-con e-child\" data-id=\"7154e97\" data-element_type=\"container\">\n\t\t\t\t<div class=\"elementor-element elementor-element-662a71e elementor-widget elementor-widget-image-box\" data-id=\"662a71e\" data-element_type=\"widget\" data-widget_type=\"image-box.default\">\n\t\t\t\t<div class=\"elementor-widget-container\">\n\t\t\t\t\t<div class=\"elementor-image-box-wrapper\"><div class=\"elementor-image-box-content\"><h3 class=\"elementor-image-box-title\">Piscina<\/h3><\/div><\/div>\t\t\t\t<\/div>\n\t\t\t\t<\/div>\n\t\t\t\t<\/div>\n\t\t\t\t<\/div>\n\t\t<div class=\"elementor-element elementor-element-2ece1d3 e-con-full animated-slow e-flex elementor-invisible e-con e-child\" data-id=\"2ece1d3\" data-element_type=\"container\" data-settings=\"{&quot;animation&quot;:&quot;fadeIn&quot;}\">\n\t\t<div class=\"elementor-element elementor-element-c13533f e-con-full e-flex e-con e-child\" data-id=\"c13533f\" data-element_type=\"container\" data-settings=\"{&quot;background_background&quot;:&quot;classic&quot;}\">\n\t\t\t\t<\/div>\n\t\t<div class=\"elementor-element elementor-element-7f6f272 e-con-full e-flex e-con e-child\" data-id=\"7f6f272\" data-element_type=\"container\">\n\t\t\t\t<div class=\"elementor-element elementor-element-cc63c6e elementor-widget elementor-widget-image-box\" data-id=\"cc63c6e\" data-element_type=\"widget\" data-widget_type=\"image-box.default\">\n\t\t\t\t<div class=\"elementor-widget-container\">\n\t\t\t\t\t<div class=\"elementor-image-box-wrapper\"><div class=\"elementor-image-box-content\"><h3 class=\"elementor-image-box-title\">P\u00f3rticos de acceso <\/h3><\/div><\/div>\t\t\t\t<\/div>\n\t\t\t\t<\/div>\n\t\t\t\t<\/div>\n\t\t\t\t<\/div>\n\t\t<div class=\"elementor-element elementor-element-a14aa52 e-con-full animated-slow e-flex elementor-invisible e-con e-child\" data-id=\"a14aa52\" data-element_type=\"container\" data-settings=\"{&quot;animation&quot;:&quot;fadeIn&quot;}\">\n\t\t<div class=\"elementor-element elementor-element-7d0ef7b e-con-full e-flex e-con e-child\" data-id=\"7d0ef7b\" data-element_type=\"container\" data-settings=\"{&quot;background_background&quot;:&quot;classic&quot;}\">\n\t\t\t\t<\/div>\n\t\t<div class=\"elementor-element elementor-element-410d993 e-con-full e-flex e-con e-child\" data-id=\"410d993\" data-element_type=\"container\">\n\t\t\t\t<div class=\"elementor-element elementor-element-31c6d81 elementor-widget elementor-widget-image-box\" data-id=\"31c6d81\" data-element_type=\"widget\" data-widget_type=\"image-box.default\">\n\t\t\t\t<div class=\"elementor-widget-container\">\n\t\t\t\t\t<div class=\"elementor-image-box-wrapper\"><div class=\"elementor-image-box-content\"><h3 class=\"elementor-image-box-title\">Senderos para caminatas<\/h3><\/div><\/div>\t\t\t\t<\/div>\n\t\t\t\t<\/div>\n\t\t\t\t<\/div>\n\t\t\t\t<\/div>\n\t\t\t\t<\/div>\n\t\t\t\t<\/div>\n\t\t<div class=\"elementor-element elementor-element-21b245e e-con-full e-flex e-con e-parent\" data-id=\"21b245e\" data-element_type=\"container\">\n\t\t\t\t<div class=\"elementor-element elementor-element-c2e924b elementor-widget elementor-widget-html\" data-id=\"c2e924b\" data-element_type=\"widget\" data-widget_type=\"html.default\">\n\t\t\t\t<div class=\"elementor-widget-container\">\n\t\t\t\t\t     <section class=\"indicadores\" id=\"terrenos\">\n            <div class=\"container-indicadores\">\n                <div class=\"container-indicadores-img\">\n                    <img decoding=\"async\" src=\"https:\/\/test.lagogrande.com.py\/wp-content\/uploads\/2025\/04\/01-MASTER-PLAN-FINAL1-1-2.webp\" alt=\"Banner con indicadores de lugares de esparcimiento\" class=\"img-indicadores\">\n                    <div class=\"ref-indicadores ref-1\">\n                        <p class=\"ref-ubicacion-text\">3 <span>- Tercer Acceso<\/span><\/p>\n                    <\/div>\n                    <div class=\"ref-indicadores ref-2\">\n                        <p class=\"ref-ubicacion-text\">4 <span>- Lago Central<\/span><\/p>\n                    <\/div>\n                    <div class=\"ref-indicadores ref-3\">\n                        <p class=\"ref-ubicacion-text\">1 <span>- Acceso Principal<\/span><\/p>\n                    <\/div>\n                    <div class=\"ref-indicadores ref-4\">\n                        <p class=\"ref-ubicacion-text\">6 <span>- \u00c1reas Comunes<\/span><\/p>\n                    <\/div>\n                    <div class=\"ref-indicadores ref-5\">\n                        <p class=\"ref-ubicacion-text\">5 <span>-  \u00c1reas Comunes<\/span><\/p>\n                    <\/div>\n                    <div class=\"ref-indicadores ref-6\">\n                        <p class=\"ref-ubicacion-text\">2 <span>- Segundo Acceso<\/span><\/p>\n                    <\/div>\n                    <div class=\"ref-indicadores ref-7\">\n                        <p class=\"ref-ubicacion-text\">7 <span>- Area comercial Y Cafeter\u00eda<\/span><\/p>\n                    <\/div>\n                <\/div>\n\n              \n            <\/div>\n         \n        <\/section>\n \t\t\t\t<\/div>\n\t\t\t\t<\/div>\n\t\t\t\t<\/div>\n\t\t<div class=\"elementor-element elementor-element-8a0db68 e-flex e-con-boxed e-con e-parent\" data-id=\"8a0db68\" data-element_type=\"container\">\n\t\t\t\t\t<div class=\"e-con-inner\">\n\t\t\t\t<div class=\"elementor-element elementor-element-94ba156 elementor-widget elementor-widget-text-editor\" data-id=\"94ba156\" data-element_type=\"widget\" data-widget_type=\"text-editor.default\">\n\t\t\t\t<div class=\"elementor-widget-container\">\n\t\t\t\t\t\t\t\t\t<p>1. Acceso Principal\u00a0 \u00a0 \u00a02. Segundo Acceso\u00a0 \u00a0 \u00a0 3. Tercer Acceso\u00a0 \u00a0 4. Lago Central\u00a0 \u00a0 \u00a05. \u00c1reas Comunes\u00a0 \u00a0 \u00a06. \u00c1reas Comunes\u00a0 \u00a0 \u00a0 7. \u00c1rea Comercial y Cafeter\u00eda<\/p>\t\t\t\t\t\t\t\t<\/div>\n\t\t\t\t<\/div>\n\t\t\t\t\t<\/div>\n\t\t\t\t<\/div>\n\t\t<div class=\"elementor-element elementor-element-69c7cc8 e-flex e-con-boxed e-con e-parent\" data-id=\"69c7cc8\" data-element_type=\"container\" id=\"ubicacion\" data-settings=\"{&quot;background_background&quot;:&quot;classic&quot;}\">\n\t\t\t\t\t<div class=\"e-con-inner\">\n\t\t\t\t\t<\/div>\n\t\t\t\t<\/div>\n\t\t<div class=\"elementor-element elementor-element-b1542f1 e-con-full e-flex e-con e-parent\" data-id=\"b1542f1\" data-element_type=\"container\">\n\t\t\t\t<div class=\"elementor-element elementor-element-36a3eca elementor-widget elementor-widget-button\" data-id=\"36a3eca\" data-element_type=\"widget\" data-widget_type=\"button.default\">\n\t\t\t\t<div class=\"elementor-widget-container\">\n\t\t\t\t\t\t\t\t\t<div class=\"elementor-button-wrapper\">\n\t\t\t\t\t<a class=\"elementor-button elementor-button-link elementor-size-sm\" href=\"https:\/\/maps.app.goo.gl\/vtk9rcGBNChsNt5W8?g_st=iw\" target=\"_blank\">\n\t\t\t\t\t\t<span class=\"elementor-button-content-wrapper\">\n\t\t\t\t\t\t<span class=\"elementor-button-icon\">\n\t\t\t\t<svg aria-hidden=\"true\" class=\"e-font-icon-svg e-fas-map-marker-alt\" viewBox=\"0 0 384 512\" xmlns=\"http:\/\/www.w3.org\/2000\/svg\"><path d=\"M172.268 501.67C26.97 291.031 0 269.413 0 192 0 85.961 85.961 0 192 0s192 85.961 192 192c0 77.413-26.97 99.031-172.268 309.67-9.535 13.774-29.93 13.773-39.464 0zM192 272c44.183 0 80-35.817 80-80s-35.817-80-80-80-80 35.817-80 80 35.817 80 80 80z\"><\/path><\/svg>\t\t\t<\/span>\n\t\t\t\t\t\t\t\t\t<span class=\"elementor-button-text\">Ver ubicaci\u00f3n<\/span>\n\t\t\t\t\t<\/span>\n\t\t\t\t\t<\/a>\n\t\t\t\t<\/div>\n\t\t\t\t\t\t\t\t<\/div>\n\t\t\t\t<\/div>\n\t\t\t\t<\/div>\n\t\t<div class=\"elementor-element elementor-element-2c04ace e-con-full e-flex e-con e-parent\" data-id=\"2c04ace\" data-element_type=\"container\" id=\"historia\">\n\t\t<div class=\"elementor-element elementor-element-3fc81ee6 e-con-full e-flex e-con e-child\" data-id=\"3fc81ee6\" data-element_type=\"container\" data-settings=\"{&quot;background_background&quot;:&quot;classic&quot;}\">\n\t\t<div class=\"elementor-element elementor-element-7150eb1a e-con-full e-flex e-con e-child\" data-id=\"7150eb1a\" data-element_type=\"container\">\n\t\t<div class=\"elementor-element elementor-element-3a0a2282 e-con-full e-flex e-con e-child\" data-id=\"3a0a2282\" data-element_type=\"container\">\n\t\t<div class=\"elementor-element elementor-element-3b6bdc24 e-con-full e-flex e-con e-child\" data-id=\"3b6bdc24\" data-element_type=\"container\">\n\t\t\t\t<div class=\"elementor-element elementor-element-a25abb2 elementor-widget__width-initial elementor-widget elementor-widget-jkit_heading\" data-id=\"a25abb2\" data-element_type=\"widget\" data-widget_type=\"jkit_heading.default\">\n\t\t\t\t<div class=\"elementor-widget-container\">\n\t\t\t\t\t<div  class=\"jeg-elementor-kit jkit-heading  align- align-tablet- align-mobile- jeg_module__4_69e49ceb86d3d\" ><div class=\"heading-section-title  display-inline-block\"><h2 class=\"heading-title\">Sobre INMO Paraguay<\/h2><\/div><div class=\"heading-section-description\"><p>Inmo Paraguay S.A. es una empresa desarrolladora constituida en el a\u00f1o 2011, con una s\u00f3lida trayectoria en el rubro inmobiliario y urban\u00edstico del Paraguay. A lo largo de los a\u00f1os, ha liderado importantes proyectos residenciales, comerciales y de urbanizaci\u00f3n, consolidando su presencia en zonas estrat\u00e9gicas como Asunci\u00f3n y Nueva Asunci\u00f3n.<\/p><p><strong><u>Proyectos destacados:<\/u><\/strong><br \/>- Edificio Primetime (2015): proyecto residencial moderno.<br \/>- Edificio Corporativo Atrium (2019): torre de oficinas premium, con amenities y servicios empresariales.<br \/>- Loteamiento Nueva Asunci\u00f3n Centro (2022): urbanizaci\u00f3n masiva con m\u00e1s de 1.000 lotes, contribuyendo al crecimiento planificado de Nueva Asunci\u00f3n.<br \/>- Torre Mirador del Chaco (2022): construcci\u00f3n en curso de una torre ic\u00f3nica, ubicado en Nueva Asunci\u00f3n.<br \/>- Barrio Cerrado Bosque Lago (2023): lanzamiento de un ambicioso desarrollo inmobiliario de alto valor, contribuyendo al crecimiento planificado de Nueva Asuncion.<\/p><p><strong>\u00a0<\/strong><\/p><p><strong>Gesti\u00f3n Comercial y Administrativa HJ &amp; Goup S.A.<\/strong><br \/>Toda la comercializaci\u00f3n y administraci\u00f3n de los proyectos Bosque Lago y Lago Grande est\u00e1 a cargo de la empresa HJ&amp;Group S.A., aliada comercial con atenci\u00f3n personalizada a inversores y compradores.<\/p><p>\u00a0<\/p><\/div><\/div>\t\t\t\t<\/div>\n\t\t\t\t<\/div>\n\t\t\t\t<div class=\"elementor-element elementor-element-43d6c3b7 elementor-widget-mobile__width-inherit elementor-widget elementor-widget-jkit_button\" data-id=\"43d6c3b7\" data-element_type=\"widget\" data-widget_type=\"jkit_button.default\">\n\t\t\t\t<div class=\"elementor-widget-container\">\n\t\t\t\t\t<div  class=\"jeg-elementor-kit jkit-button  icon-position-before jeg_module__5_69e49ceb8754b\" ><a href=\"#\" class=\"jkit-button-wrapper\">Agendar una visita<\/a><\/div>\t\t\t\t<\/div>\n\t\t\t\t<\/div>\n\t\t\t\t<\/div>\n\t\t\t\t<\/div>\n\t\t<div class=\"elementor-element elementor-element-221c9d5e e-con-full e-flex e-con e-child\" data-id=\"221c9d5e\" data-element_type=\"container\">\n\t\t\t\t<div class=\"elementor-element elementor-element-6389bd0d elementor-widget__width-initial elementor-widget-mobile__width-inherit elementor-widget elementor-widget-jkit_heading\" data-id=\"6389bd0d\" data-element_type=\"widget\" data-widget_type=\"jkit_heading.default\">\n\t\t\t\t<div class=\"elementor-widget-container\">\n\t\t\t\t\t<div  class=\"jeg-elementor-kit jkit-heading  align- align-tablet- align-mobile- jeg_module__6_69e49ceb87ef0\" ><div class=\"heading-section-title  display-inline-block\"><h2 class=\"heading-title\"><span class=\"style-color\"><span>\/<\/span><\/span> Oficinas Administrativas<\/h2><\/div><div class=\"heading-section-description\"><p>Edificio Atrium<br \/>Piso 3<br \/>Dr. Morra y Guido Spano.<br \/>Asuncion-Paraguay<\/p><\/div><\/div>\t\t\t\t<\/div>\n\t\t\t\t<\/div>\n\t\t\t\t<div class=\"elementor-element elementor-element-ec643f1 elementor-widget__width-initial elementor-widget-mobile__width-inherit elementor-widget elementor-widget-jkit_heading\" data-id=\"ec643f1\" data-element_type=\"widget\" data-widget_type=\"jkit_heading.default\">\n\t\t\t\t<div class=\"elementor-widget-container\">\n\t\t\t\t\t<div  class=\"jeg-elementor-kit jkit-heading  align- align-tablet- align-mobile- jeg_module__7_69e49ceb884c0\" ><div class=\"heading-section-title  display-inline-block\"><h2 class=\"heading-title\"><span class=\"style-color\"><span>\/<\/span><\/span> Oficinas Comerciales<\/h2><\/div><div class=\"heading-section-description\"><p><strong>Mirador del Chaco<\/strong><br \/>Avda. Defensores del Chaco<br \/>Nueva Asuncion - Paraguay<\/p><\/div><\/div>\t\t\t\t<\/div>\n\t\t\t\t<\/div>\n\t\t\t\t<div class=\"elementor-element elementor-element-b4204f2 elementor-widget__width-initial elementor-widget-mobile__width-inherit elementor-widget elementor-widget-jkit_heading\" data-id=\"b4204f2\" data-element_type=\"widget\" data-widget_type=\"jkit_heading.default\">\n\t\t\t\t<div class=\"elementor-widget-container\">\n\t\t\t\t\t<div  class=\"jeg-elementor-kit jkit-heading  align- align-tablet- align-mobile- jeg_module__8_69e49ceb88bab\" ><div class=\"heading-section-title  display-inline-block\"><h2 class=\"heading-title\"><span class=\"style-color\"><span>\/<\/span><\/span> Tel\u00e9fono<\/h2><\/div><h3 class=\"heading-section-subtitle  style-color\">+595981707068<\/h3><\/div>\t\t\t\t<\/div>\n\t\t\t\t<\/div>\n\t\t\t\t<div class=\"elementor-element elementor-element-4cc97b1b elementor-widget__width-initial elementor-widget-mobile__width-inherit elementor-widget elementor-widget-jkit_heading\" data-id=\"4cc97b1b\" data-element_type=\"widget\" data-widget_type=\"jkit_heading.default\">\n\t\t\t\t<div class=\"elementor-widget-container\">\n\t\t\t\t\t<div  class=\"jeg-elementor-kit jkit-heading  align- align-tablet- align-mobile- jeg_module__9_69e49ceb89243\" ><div class=\"heading-section-title  display-inline-block\"><h2 class=\"heading-title\"><span class=\"style-color\"><span>\/<\/span><\/span> Email<\/h2><\/div><h3 class=\"heading-section-subtitle  style-color\">contacto@inmo.com.py<\/h3><\/div>\t\t\t\t<\/div>\n\t\t\t\t<\/div>\n\t\t\t\t<\/div>\n\t\t\t\t<\/div>\n\t\t\t\t<\/div>\n\t\t\t\t<\/div>\n\t\t\t\t<\/div>\n\t\t","protected":false},"excerpt":{"rendered":"<p>Video de Presentaci\u00f3n Conocer m\u00e1s de Lago Grande Ver video Brochure M\u00e1s de 2.500 terrenos disponibles Terrenos desde 120 m\u00b2 hasta 750 m\u00b2 Lago Central de 5,5 hect\u00e1reas Cafeter\u00eda Piscina P\u00f3rticos de acceso Senderos para caminatas 3 &#8211; Tercer Acceso 4 &#8211; Lago Central 1 &#8211; Acceso Principal 6 &#8211; \u00c1reas Comunes 5 &#8211; \u00c1reas [&hellip;]<\/p>\n","protected":false},"author":1,"featured_media":0,"parent":0,"menu_order":0,"comment_status":"closed","ping_status":"closed","template":"elementor_header_footer","meta":{"footnotes":""},"class_list":["post-80","page","type-page","status-publish","hentry"],"_links":{"self":[{"href":"https:\/\/test.lagogrande.com.py\/index.php?rest_route=\/wp\/v2\/pages\/80","targetHints":{"allow":["GET"]}}],"collection":[{"href":"https:\/\/test.lagogrande.com.py\/index.php?rest_route=\/wp\/v2\/pages"}],"about":[{"href":"https:\/\/test.lagogrande.com.py\/index.php?rest_route=\/wp\/v2\/types\/page"}],"author":[{"embeddable":true,"href":"https:\/\/test.lagogrande.com.py\/index.php?rest_route=\/wp\/v2\/users\/1"}],"replies":[{"embeddable":true,"href":"https:\/\/test.lagogrande.com.py\/index.php?rest_route=%2Fwp%2Fv2%2Fcomments&post=80"}],"version-history":[{"count":227,"href":"https:\/\/test.lagogrande.com.py\/index.php?rest_route=\/wp\/v2\/pages\/80\/revisions"}],"predecessor-version":[{"id":500,"href":"https:\/\/test.lagogrande.com.py\/index.php?rest_route=\/wp\/v2\/pages\/80\/revisions\/500"}],"wp:attachment":[{"href":"https:\/\/test.lagogrande.com.py\/index.php?rest_route=%2Fwp%2Fv2%2Fmedia&parent=80"}],"curies":[{"name":"wp","href":"https:\/\/api.w.org\/{rel}","templated":true}]}}